 = -485 - -681. Suppose r = 9*v - 2*v. What are the prime factors of v?
2, 7
Let i(b) = 3*b**3 + 40*b**2 + 5*b - 40. Let q(x) = -2*x**3 - 27*x**2 - 3*x + 27. Let c(p) = 5*i(p) + 7*q(p). What are the prime factors of c(-10)?
7
Let w be (20/3)/((-22)/(-33)). Suppose 3*f - 89 = -5*i, i - 119 = -w*f + 5*f. Suppose 2*o = 45 + f. What are the prime factors of o?
2, 17
Let y = -12 + 5. Let d = y - -21. List the prime factors of d.
2, 7
Suppose -1329 = -2*v + 171. What are the prime factors of v?
2, 3, 5
Let p = -1324 + 1958. What are the prime factors of p?
2, 317
Let b = 972 - 580. Let q be 5/(-2)*b/(-20). List the prime factors of 0 + 0 + (q - -1).
2, 5
Suppose -7 = -3*v - 2*l, -9 = 4*v + 5*l - 6*l. What are the prime factors of 100 - -4 - (v - 1)?
2, 53
Let j(u) = u**2 - 3*u + 5. Let b be j(4). Let g be 37/(-3) + b/27. What are the prime factors of 2*(-2)/(g/111)?
37
Let v be 64/14 + (-9)/(-21). Suppose -v*z - 2 + 12 = 3*p, -4*z + 8 = -3*p. Suppose -u = 2*c - 45, -93 = -4*c - u - z*u. What are the prime factors of c?
3, 7
Let j(c) = -3*c + 1. Let v(t) = 12*t - 3. Let d(a) = 9*j(a) + 2*v(a). Let y(g) = 30*g - 30. Let h(x) = -21*d(x) - 2*y(x). List the prime factors of h(5).
2, 3
Suppose -2*j - 114 = v - 545, -1309 = -3*v + 2*j. List the prime factors of v.
3, 5, 29
Let v be (-38)/(-8) - 2/(-8). Suppose -14 = 2*j - 4*j - 2*d, 4*j = -v*d + 31. Suppose -2*r - 3*k = -76, 5*k - 136 - 20 = -j*r. What are the prime factors of r?
2, 11
Let k = -2938 + 5874. List the prime factors of k.
2, 367
Suppose -5*g + 3*i + 12146 = 0, 3*i + 7299 = 3*g + 5*i. What are the prime factors of g?
11, 13, 17
Let o(m) = 1. Let u(x) = -x - 4. Let p(r) = -5*o(r) + u(r). Let a be p(-10). Suppose -a + 169 = 4*n. What are the prime factors of n?
2, 3, 7
Let r(q) = 3*q**2 + 13*q + 68. What are the prime factors of r(-11)?
2, 3
Suppose 359 + 461 = 10*p. Suppose 3*z = z + p. List the prime factors of z.
41
Suppose 2*b + w - 2361 = 0, 4*b = 8*b - w - 4713. List the prime factors of b.
3, 131
Let w(d) = -32*d**2 + 3*d - 17. Let g be w(-7). What are the prime factors of 2/12 - (-3 + g/12)?
137
Suppose 2*k = t - 33, 5*k = -t + 2*k + 38. Let d = 50 - t. List the prime factors of d.
3, 5
Suppose 0 = 31*g - 22*g - 4572. What are the prime factors of g?
2, 127
Let a = 4 - 0. Suppose o + o - a = 2*i, 0 = -4*o - 16. List the prime factors of (-38)/i - 16/(-24).
7
Let l be (-1090 + -24)*(-9)/(-2). What are the prime factors of 4/(-7) + l/(-63)?
79
Let p(v) be the first derivative of v**2/2 + 3*v + 3. Let k be p(-1). What are the prime factors of (-4)/3*(-3)/k?
2
Suppose 0 = 2*c - 2 - 2. Suppose -99 = -5*m + g - 2*g, 2*g = c*m - 42. Suppose z + m = 6*z. What are the prime factors of z?
2
Let l be ((-27)/(-18))/(1/2). Let o = l + 2. Suppose 3*v + 4*c = v + 10, -c = o. List the prime factors of v.
3, 5
Let a = 197 - 135. Let i(n) = 3*n**3 + n**2 - 2*n + 1. Let z be i(1). Suppose z*h - a = 4. What are the prime factors of h?
2, 11
Let h = 249 + -426. Let d = -101 - h. List the prime factors of d.
2, 19
Suppose -23 = -4*f + 53. Suppose v = f + 17. Let n = v + -11. List the prime factors of n.
5
Let v = 44 - 26. Suppose v*y = 17*y + 39. List the prime factors of y.
3, 13
Let g(y) = 36*y**2 - 3*y - 7. Let m be g(-8). Suppose 0 = -13*p - 644 + m. What are the prime factors of p?
3, 43
Suppose 14 = 4*f + 2. Suppose -o + 12 - 9 = 0. Suppose -3*i - b + o*b + 39 = 0, f*b - 24 = -3*i. List the prime factors of i.
11
Let r = 272 + -191. List the prime factors of r.
3
Let q(h) = h**3 - h**2 + 2*h + 403. List the prime factors of q(0).
13, 31
Let t(s) = s**3 - 18*s**2 - 4*s + 74. Let b be t(18). Suppose 5*o - 546 = -b*l, -747 = -5*l - 3*o + 599. What are the prime factors of l?
2, 67
Suppose -y = -4*f + 17 + 16, f + 5*y + 18 = 0. Suppose -196 = -f*i + 91. What are the prime factors of i?
41
Suppose 3*l + 361 = -h, -3*l + 0*l = -h + 359. Let x = -76 - l. Let w = x + -26. List the prime factors of w.
2, 3
Let q(f) = 2*f + 5. Suppose 0 = -3*r + 4*v - 5, -4*r + 1 = -v - 1. List the prime factors of q(r).
7
Let b(h) = -h - 8. Let z be b(-8). Suppose z = -o - 2*o - 12, 5*t - 5*o - 645 = 0. Suppose -4*m = m - t. List the prime factors of m.
5
Let f(a) = 2*a**3 - 6*a**2 - 15*a - 66. List the prime factors of f(11).
5, 11, 31
Let c(b) = 54*b + 1550. What are the prime factors of c(0)?
2, 5, 31
Let t be -1 + 58/10 - (-1)/5. Suppose s + 3 = 0, t*s = -3*o - 0*o + 297. List the prime factors of o.
2, 13
Suppose 0*u = -4*u + 16. Let s be (3/u)/(3/8). Suppose -s*l = -0*y - 5*y - 50, -l - 5 = 5*y. What are the prime factors of l?
3, 5
Let j = 33 + -31. List the prime factors of (j + 67)*(-4)/(-12).
23
Let s = 5040 + -3194. What are the prime factors of s?
2, 13, 71
Suppose 28*n + 1068 - 4512 = 0. List the prime factors of n.
3, 41
Suppose -6*j + 57*j = 7956. What are the prime factors of j?
2, 3, 13
What are the prime factors of (-1133)/(-3) - (7 + (-171)/27)?
13, 29
What are the prime factors of (-5 - -1) + 6 + 2279?
2281
Suppose 3*v + v = 8. Suppose 3*i + 687 = 3*d, -v*i = -d - 3*d + 466. List the prime factors of (-4)/6*i/10.
3, 5
Suppose -7 = -2*m + 35. Suppose r - 2 = -r. Let b = m - r. List the prime factors of b.
2, 5
What are the prime factors of 767639/333 + (-1)/(-9)*-2?
5, 461
Let i be 3/6*(-44)/2. Let q(r) = r**2 - r - 3. Let y be q(i). Let p = 187 - y. What are the prime factors of p?
2, 29
Suppose 2*l - 549 = 7. List the prime factors of l.
2, 139
Let k be -2 - 2 - (-2 - 46). Suppose -2*l - k = -g, 143 + 85 = 5*g - 2*l. List the prime factors of g.
2, 23
Let h = -26 + 28. Suppose -26 + 2 = 4*n + 4*t, n + 6 = -h*t. List the prime factors of (-340)/n - 4/6.
2, 7
Let q(d) = -19*d - 9. Let m be q(-3). Suppose 5*s = k - 15 - 1, 3*k - m = s. What are the prime factors of k?
2
Let v(n) = n**3 + 6*n**2 + 4*n + 10. Let t be v(-4). Let q = 3 - 5. Let k = t - q. What are the prime factors of k?
2, 7
Suppose -5*y = i - 4*i + 2960, -5*y = -10. List the prime factors of i.
2, 3, 5, 11
Suppose 0 = 10*m - 5*m + 70. Let f(w) = -10*w - 33. List the prime factors of f(m).
107
Suppose -2*p - 3*p + 21 = r, 0 = -5*p + 15. Let y = r - 17. List the prime factors of y - -14 - 4*-5.
23
Suppose l - 168 = 183. What are the prime factors of l?
3, 13
Suppose 2*k + 2*l + 58 = 7*l, 3*k - 3*l + 78 = 0. Let d be (k/4)/((-2)/(-3)). Let w = d - -19. List the prime factors of w.
2, 5
Let q be (2/7)/((-4)/(-28)). Let g = 2 - q. Suppose -w + g*w + 19 = 0. List the prime factors of w.
19
Let b be (-3 - -2)*-1*4. Let y(q) be the first derivative of q**3/3 - 3*q**2/2 + q + 1. What are the prime factors of y(b)?
5
Suppose z = -y + 55, 3*y + 229 = 4*z - 2*y. Let m = 111 - z. Suppose -m = -i - 4*i. What are the prime factors of i?
11
Let k(g) = -4*g + 18. Let q be k(4). Suppose -q*t = -234 - 8. What are the prime factors of t?
11
Let m(j) = -14*j**2 + 2*j. Let a be m(-2). Let f = a - -101. Let z = -16 + f. List the prime factors of z.
5
Let r be 8/(-32) + 1/4. Suppose r = 5*b - 7*b - 2*m + 438, -4*m = -b + 229. What are the prime factors of b?
13, 17
Suppose -6*w + 48 = -12. Suppose 7*q = w*q. Suppose 4*r - 76 = -q*r. What are the prime factors of r?
19
Let g be -1*(7 - (-2 - -3)). List the prime factors of 9/((3/(-22))/(g/4)).
3, 11
Suppose -4526 = -2*d + 14*y - 12*y, 5*y - 11265 = -5*d. What are the prime factors of d?
2, 1129
Suppose -5*h = -179 - 1. Let y = 69 - h. List the prime factors of y.
3, 11
Let s(f) = -32*f - 4. Let p be s(-2). Suppose 4*a - p - 28 = 0. Let t = 50 - a. What are the prime factors of t?
2, 7
Let u(b) = b**2 - 27*b + 14. Let x be u(23). Let y = 38 - x. List the prime factors of y.
2, 29
List the prime factors of (5/(-2))/((-129623)/(-14404) - 9).
2, 5, 277
Let h(n) = -9*n - n**2 + 1 + 6*n**2 - 4*n**2. What are the prime factors of h(12)?
37
Let o = -2539 - -3595. Suppose -o = -21*m + 15*m. What are the prime factors of m?
2, 11
Suppose -4 = -b, 0 = s - 6*b + 2*b + 11. Let o(j) = -16*j + 4. Let z be o(-3). Suppose -z - 3 = -s*n. What are the prime factors of n?
11
Let g = 77 - 73. Suppose 1625 = 4*q + 3*r + 202, 20 = g*r. What are the prime factors of q?
2, 11
Suppose 33*f - 36*f + 18 = 0. Suppose 2*v = -k + 3, 4*k + 20 = v + 5. What are the prime factors of v/(-9) + 86/f?
2, 7
Let h(z) be the first derivative of 3*z**2 + 5*